t is -5514 + 872?
-4532
In base 13, what is -914a12 + -18?
-914a2a
In base 5, what is -404223321 + 122?
-404223144
In base 5, what is -24340102 - -112?
-24334440
In base 16, what is -2 - -21d6ee1?
21d6edf
In base 15, what is 22a468a3 - -2?
22a468a5
In base 8, what is 27257663 - 33?
27257630
In base 2, what is 1 + 1000110001110011001110001?
1000110001110011001110010
In base 13, what is -4 - -41a7433?
41a742c
In base 14, what is 0 - -c2c116a?
c2c116a
In base 15, what is 338 - 70cb8?
-70980
In base 7, what is 314454 + 1444?
316231
In base 12, what is -71 - 618097?
-618148
In base 13, what is -145 - -1082803?
108268b
In base 8, what is -77470 + 17467?
-60001
In base 15, what is -12082 + bd?
-11eb4
In base 4, what is -2210 - 300303231?
-300312101
In base 13, what is 4 + 1bc83369?
1bc83370
In base 6, what is 2343151425 + -2?
2343151423
In base 2, what is 10110010011 - -1001111111010000?
1010010101100011
In base 11, what is 35285 + aa?
35384
In base 7, what is -103315153 + 0?
-103315153
In base 15, what is a530b + -32?
a52c9
In base 6, what is -14334 + -44113?
-102451
In base 2, what is -10001001000011110 - 11100110110?
-10001100101010100
In base 9, what is -2 - -76108824?
76108822
In base 10, what is 7 - -1190786?
1190793
In base 7, what is 664 - -1642423?
1643420
In base 2, what is 10101011110100010000110 + -100101?
10101011110100001100001
In base 5, what is -2 - 110241234?
-110241241
In base 15, what is 58 + 2b165c?
2b16b5
In base 11, what is -257 + 16452?
161a6
In base 15, what is 45b473 + -15?
45b45d
In base 6, what is -11304511 - 4002?
-11312513
In base 2, what is -11110011 - 11000011000110?
-11000110111001
In base 2, what is -1 + -100110010101000100000?
-100110010101000100001
In base 8, what is 1 + -45706151?
-45706150
In base 5, what is 1 - -13433021034?
13433021040
In base 4, what is -2202311 - -1222322?
-313323
In base 8, what is 24575 - -6451?
33246
In base 16, what is -8 + 848f7?
848ef
In base 12, what is 17717 - 5b6?
17121
In base 9, what is 0 - 136721160?
-136721160
In base 4, what is -2322220222010 - 1?
-2322220222011
In base 3, what is 202212202120 - 101222?
202212100121
In base 6, what is 23342 - 23200?
142
In base 5, what is 1302 + -21033012?
-21031210
In base 16, what is 6781275 - 0?
6781275
In base 4, what is -110110201 - 313?
-110111120
In base 16, what is -57d6 + 235?
-55a1
In base 11, what is 4 - -76671a1?
76671a5
In base 8, what is 554024 + -673?
553131
In base 7, what is -2354 - -3043312?
3040625
In base 13, what is -4938b91 - -4?
-4938b8a
In base 3, what is -1001122211011002 + -2?
-1001122211011011
In base 12, what is 605839a7 + 4?
605839ab
In base 16, what is e3 - 3462d?
-3454a
In base 7, what is 10656 + 30201?
41160
In base 4, what is 113220 + -1310100?
-1130220
In base 9, what is 110430542 - -6?
110430548
In base 14, what is -23883 + 107?
-2377a
In base 5, what is -200040 - 1001?
-201041
In base 12, what is 184249283 - 0?
184249283
In base 9, what is 2040 - 86733?
-84683
In base 15, what is 1984a6 + 12?
1984b8
In base 7, what is 355 - -4614300?
4614655
In base 6, what is 5 - 2312243355?
-2312243350
In base 6, what is 144 - 1044054455?
-1044054311
In base 12, what is -5 - 213106?
-21310b
In base 16, what is 219c + 1a6?
2342
In base 12, what is -3248b50 + -5?
-3248b55
In base 9, what is 30 + -77238?
-77208
In base 9, what is -241 - -20076?
18735
In base 8, what is -31330321 + 0?
-31330321
In base 7, what is -335 + 6200221?
6166553
In base 6, what is 12 - 30311030200?
-30311030144
In base 2, what is -1010 + 1100101101001010?
1100101101000000
In base 6, what is 1 - 22320133213?
-22320133212
In base 8, what is -300055 + -121?
-300176
In base 7, what is 1 + -26603401?
-26603400
In base 2, what is -100011111110010001100 + 111?
-100011111110010000101
In base 13, what is -4 + a60623?
a6061c
In base 2, what is 111111011000 - -11001110111?
1011001001111
In base 5, what is -3211300140 - 3?
-3211300143
In base 2, what is 0 + -100110000111010111011?
-100110000111010111011
In base 10, what is -57 + 257139?
257082
In base 15, what is -5408 - -1257?
-41a1
In base 9, what is 106 + -13244?
-13137
In base 5, what is -10012222440 - -13?
-10012222422
In base 3, what is -11 + 211110000120102?
211110000120021
In base 8, what is 1615637 - -21?
1615660
In base 3, what is -122202201020220 - 2?
-122202201020222
In base 2, what is 101101010 + -1101111000000011110111?
-1101110111111110001101
In base 6, what is 225421 - 10533?
214444
In base 14, what is 7c + -304c3?
-30445
In base 5, what is -410142 - 1401?
-412043
In base 5, what is -4212000310 - 23?
-4212000333
In base 2, what is -100100110 - -1110000100001?
1101011111011
In base 10, what is -1275632 + -700?
-1276332
In base 3, what is -11001201002022 + -210?
-11001201010002
In base 5, what is 2432312341034 - -10?
2432312341044
In base 5, what is 4 + 1213433442?
1213434001
In base 13, what is -27669c1 + -2?
-27669c3
In base 11, what is -2426 - -174aa?
15084
In base 4, what is -22 - 310212223303?
-310212223331
In base 15, what is 8 - -1db3d21?
1db3d29
In base 8, what is 1346056025 + 1?
1346056026
In base 11, what is -47622 + 158?
-47475
In base 9, what is -4074 + 58423?
54338
In base 13, what is 43cca + -1183?
42b47
In base 7, what is -23661 - 154551?
-211542
In base 9, what is 1020 - -108587?
110617
In base 2, what is 110001 - 1010010100001100011011011?
-1010010100001100010101010
In base 10, what is -11202 + 145?
-11057
In base 12, what is -56535a + 81?
-565299
In base 8, what is -301665 + -3334?
-305221
In base 13, what is -22 - -1a3b6?
1a394
In base 11, what is -636 - -256082?
255547
In base 15, what is -66a2 + 2cc7?
-38ca
In base 9, what is 20560311 - 2?
20560308
In base 7, what is 45523251 + 34?
45523315
In base 2, what is -10011100011 - 101000100001000?
-101010111101011
In base 3, what is -11101121112 - 1011?
-11101122200
In base 5, what is 4 - 1013121114?
-1013121110
In base 4, what is 32 + 201211303122?
201211303220
In base 14, what is -194 - -6a795?
6a601
In base 6, what is 5110 + -140142?
-131032
In base 10, what is -1 - 14590434?
-14590435
In base 3, what is 211020222210121 + 10?
211020222210201
In base 5, what is -300 - -141214?
140414
In base 2, what is 110 - 1011010011110110110?
-1011010011110110000
In base 8, what is -11 + -3135327?
-3135340
In base 3, what is -12 + 111101111120101112?
111101111120101100
In base 2, what is 1010110101110101001100110 - -1010?
1010110101110101001110000
In base 14, what is 78320b - -c?
783219
In base 2, what is -1 + -10100100101001110100100100?
-10100100101001110100100101
In base 14, what is c1 + 140157?
140238
In base 2, what is -101 + -111101010110001000000110?
-111101010110001000001011
In base 2, what is 11 - -1000001011010001100110101?
1000001011010001100111000
In base 13, what is -1937 + a47ca?
a2b93
In base 13, what is 38115 + 60?
38175
In base 13, what is -1 - -7747142?
7747141
In base 13, what is -4a22c27 + -2?
-4a22c29
In base 11, what is -5513 + -12426?
-17939
In base 5, what is 1401010 - 144231?
1201224
In base 5, what is 2223212 - 121340?
2101322
In base 11, what is -27401 + 1091?
-26320
In base 16, what is de + 135be?
1369c
In base 5, what is -4 - 1334434431?
-1334434440
In base 5, what is -33034213133 + 11?
-33034213122
In base 3, what is 112221211 + 11110022?
201102010
In base 8, what is 216143 - -103?
216246
In base 12, what is -851b936b + -2?
-851b9371
In base 11, what is -1304a1 + 410?
-130091
In base 14, what is 742313b - -5?
7423142
In base 9, what is 54506 + 348?
54855
In base 5, what is -14131 - -4124304?
4110123
In base 3, what is 12101010000202 + -10121?
12101002220011
In base 2, what is -11110100010011 + 1111000110?
-11100101001101
In base 4, what is 11 - 32101311223?
-32101311212
In base 6, what is 11150123 - 5?
11150114
In base 15, what is -92be8a - 5?
-92be90
In base 8, what is -2454043170 + -2?
-2454043172
In base 2, what is 1100010100000 - 1110110001111101?
-1101001111011101
In base 16, what is -76ad0 - -3f?
-76a91
In base 3, what is -212 - 21021121002?
-21021121221
In base 11, what is 4 - 2909866?
-2909862
In base 13, what is -13337c3c - -3?
-13337c39
In base 4, what is -213312023103 - -3?
-213312023100
In base 9, what is 32524010 - 10?
32524000
In base 9, what is 612846 - 180?
612656
In base 2, what is 11001010 - 1001011